{"id":129,"date":"2020-05-19T08:20:55","date_gmt":"2020-05-19T08:20:55","guid":{"rendered":"http:\/\/inkasso-vs.com\/?page_id=129"},"modified":"2024-10-27T11:54:14","modified_gmt":"2024-10-27T11:54:14","slug":"impressum","status":"publish","type":"page","link":"https:\/\/inkasso-vs.com\/?page_id=129","title":{"rendered":"Impressum"},"content":{"rendered":"\n<p>Norbert Malsbenden<br>Postfach 108<br>D- 78121 K\u00f6nigsfeld<br>Tel:\u00a0 +49 (0) 7720 \/ 70 55 00<br>Fax: +49 (0) 7722 \/ 95 175 12<br>E-Mail: impressum@inkasso-vs.de<br>Homepage: www.inkasso-vs.de<\/p>\n\n\n\n<p><strong><span class=\"has-inline-color has-vivid-red-color\">Zulassungs- und Aufsichtsbeh\u00f6rde:<\/span><\/strong><\/p>\n\n\n\n<p>Vom Pr\u00e4sidenten des Landgerichts Konstanz registrierte Person und Inkassodienstleister nach \u00a7 10 Abs. 1 Nr. 1 RDG. Registernummer und Aktenzeichen im Rechtsdienstleistungsregister: E 371 a \/ 128.<br>Zulassungs- und Aufsichtsbeh\u00f6rde gem. \u00a7 5 Abs. 1 Nr. 3 TMG ist der Pr\u00e4sident des Landgerichts Konstanz, Gerichtsgasse 15, 78462 Konstanz.<\/p>\n\n\n\n<p><strong>USt-IdNr.: DE265384009<\/strong>&nbsp;<\/p>\n\n\n\n<p><span class=\"has-inline-color has-vivid-red-color\"><strong>Internet Disclaimer \/ Haftungsausschlu\u00df <\/strong>:<\/span><\/p>\n\n\n\n<p>Wir weisen darauf hin, dass sich diese Homepage und s\u00e4mtliche Informationen auf der Homepage nach deutschem Recht richtet. Jeder Benutzer, welcher \u00fcber diesen Disclaimer hinweggeht, erkennt mit dem Weiterbl\u00e4ttern der Seite an, dass sich die Beziehung zwischen ihm und uns ausschlie\u00dflich nach deutschem Recht richtet.&nbsp; F\u00fcr die Vollst\u00e4ndigkeit oder Richtigkeit der Informationen auf dieser Homepage k\u00f6nnen wir keine Garantie \u00fcbernehmen. Wir k\u00f6nnen nicht ausschlie\u00dfen, dass unsere Internetseiten auch Informationen durch Dritte aufweisen. F\u00fcr diese Informationen k\u00f6nnen wir keine Haftung \u00fcbernehmen. S\u00e4mtliche Texte und Grafiken auf unserer Homepage sind urheberrechtlich oder durch sonstige Schutzrechte gesch\u00fctzt. Der Gebrauch oder die Vervielf\u00e4ltigung dieser Grafiken und Texte ist ohne die vorherige schriftliche Genehmigung durch uns nicht gestattet. Insbesondere wird es nicht gestatten, dass Produktbezeichnungen, welche grunds\u00e4tzlich Markenschutz genie\u00dfen, von Dritten gebraucht werden.&nbsp; Eine Haftung aus dem Inhalt der Internetseiten ergibt sich nicht. Alle Links auf externe Seiten wurden von uns bei Erstellung der Seite sorgf\u00e4ltig gepr\u00fcft. M\u00f6gliche Rechtsverst\u00f6\u00dfe waren zum Zeitpunkt der Verlinkung nicht erkennbar. Allerdings haben wir keinen Einfluss auf die Inhalte verlinkter Seiten, hierf\u00fcr ist der jeweilige Diensteanbieter verantwortlich. Wir distanzieren uns hiermit ausdr\u00fccklich von allen Inhalten s\u00e4mtlicher gelinkter Seiten und verweisen darauf, dass wir keinen Einfluss auf Gestaltung und Inhalte der verlinkten Seiten haben.<\/p>\n\n\n\n<p>S\u00e4mtliche von Ihnen gemachte Angaben unterliegen der strengen Schweigepflicht und dem Datenschutzgesetz in der neuesten Fassung!<\/p>\n","protected":false},"excerpt":{"rendered":"<p>Norbert MalsbendenPostfach 108D- 78121 K\u00f6nigsfeldTel:\u00a0 +49 (0) 7720 \/ 70 55 00Fax: +49 (0) 7722 \/ 95 175 12E-Mail: impressum@inkasso-vs.deHomepage: www.inkasso-vs.de Zulassungs- und Aufsichtsbeh\u00f6rde: Vom Pr\u00e4sidenten des Landgerichts Konstanz registrierte Person und Inkassodienstleister nach \u00a7 10 Abs. 1 Nr. 1 RDG. Registernummer und Aktenzeichen im Rechtsdienstleistungsregister: E 371 a \/ 128.Zulassungs- und Aufsichtsbeh\u00f6rde gem. \u00a7 &hellip; <\/p>\n<p class=\"link-more\"><a href=\"https:\/\/inkasso-vs.com\/?page_id=129\" class=\"more-link\"><span class=\"screen-reader-text\">\u201eImpressum\u201c <\/span>weiterlesen<\/a><\/p>\n","protected":false},"author":1,"featured_media":0,"parent":16,"menu_order":0,"comment_status":"closed","ping_status":"closed","template":"","meta":{"footnotes":""},"class_list":["post-129","page","type-page","status-publish","hentry"],"_links":{"self":[{"href":"https:\/\/inkasso-vs.com\/index.php?rest_route=\/wp\/v2\/pages\/129","targetHints":{"allow":["GET"]}}],"collection":[{"href":"https:\/\/inkasso-vs.com\/index.php?rest_route=\/wp\/v2\/pages"}],"about":[{"href":"https:\/\/inkasso-vs.com\/index.php?rest_route=\/wp\/v2\/types\/page"}],"author":[{"embeddable":true,"href":"https:\/\/inkasso-vs.com\/index.php?rest_route=\/wp\/v2\/users\/1"}],"replies":[{"embeddable":true,"href":"https:\/\/inkasso-vs.com\/index.php?rest_route=%2Fwp%2Fv2%2Fcomments&post=129"}],"version-history":[{"count":9,"href":"https:\/\/inkasso-vs.com\/index.php?rest_route=\/wp\/v2\/pages\/129\/revisions"}],"predecessor-version":[{"id":658,"href":"https:\/\/inkasso-vs.com\/index.php?rest_route=\/wp\/v2\/pages\/129\/revisions\/658"}],"up":[{"embeddable":true,"href":"https:\/\/inkasso-vs.com\/index.php?rest_route=\/wp\/v2\/pages\/16"}],"wp:attachment":[{"href":"https:\/\/inkasso-vs.com\/index.php?rest_route=%2Fwp%2Fv2%2Fmedia&parent=129"}],"curies":[{"name":"wp","href":"https:\/\/api.w.org\/{rel}","templated":true}]}}